e the highest common divisor of i and 1060.
20
Let c(v) = 7*v**3 - 8*v - 7. Let k(a) = 8*a**3 + a**2 - 8*a - 8. Let o(p) = -7*c(p) + 6*k(p). Let r be o(7). Calculate the greatest common factor of 56 and r.
8
Let n be (6/(-7))/((-12)/2016). Calculate the highest common factor of n and 108.
36
Let g = -434 + 554. Calculate the greatest common divisor of 3720 and g.
120
Suppose -2*a + 146 = 2*z, a = 6*z - z - 395. Let h = -60 + 112. Calculate the greatest common divisor of z and h.
26
Let o = -152 + 24. Let h = 129 + o. What is the greatest common divisor of h and 8?
1
Let t = 743 + -431. What is the greatest common divisor of t and 416?
104
Suppose -3*f = -4*r - 397, 5*f + 5*r - 3*r - 679 = 0. Suppose -3*a + 6*t = t - 80, -4*a + t + f = 0. What is the greatest common divisor of 35 and a?
35
Let o = -34 - -127. Suppose -8*t + o + 363 = 0. Let y = 31 - 12. What is the greatest common factor of y and t?
19
Let a(b) = 58*b**2 + 11*b + 54. Let g be a(-4). Calculate the greatest common divisor of 14 and g.
14
Let a(s) = 4 - 5 - s + 0 + 2. Let i be a(-6). Suppose -4*o + 156 = -4*v, 31 = o + 2*v - v. Calculate the highest common divisor of i and o.
7
Let v = -395 - -566. Suppose 4*m - 43 = 33. Calculate the highest common divisor of m and v.
19
Suppose 101 = 3*h - 5*d + 4, 10 = -2*d. What is the greatest common divisor of h and 780?
12
Let i = 73 + -69. What is the highest common divisor of i and 12?
4
Let x be ((-2124)/(-2))/((-1)/1 - -3). Calculate the greatest common divisor of 9 and x.
9
Suppose 7*k - 850 = -3*k. Let c be ((-65)/(-20))/(-13) - k/(-4). What is the greatest common factor of c and 105?
21
Suppose 3*y + 338 = 2*u, 4*u + 3*y = -u + 887. Calculate the highest common divisor of 35 and u.
35
Let h be 2 - (1 - 3) - 0/(-3). What is the highest common divisor of 38 and h?
2
Let j(i) = -16*i + 36. Let a be j(2). Calculate the greatest common factor of a and 164.
4
Let u = -2 - -5. Suppose c = 4*f + 33, c = u*f - 0*f + 36. Suppose c = -y + 4*y. Calculate the highest common divisor of 15 and y.
15
Suppose 88 = 2*l - 0*l. Let i(w) = w**3 - 6*w**2 + 9*w - 9. Let v(n) = -2*n - 3. Let c be v(-4). Let s be i(c). Calculate the highest common divisor of s and l.
11
Let m be (1/(-1))/((-534)/(-60) - 9). What is the greatest common divisor of 45 and m?
5
Let b(k) = -5*k - 14. Let o be b(-6). Suppose 2*q - 14 = z - 2*z, z + 1 = q. Suppose q*y - 256 = 3*y. What is the greatest common factor of y and o?
16
Let n = 60 + -53. Let b(z) = z**3 - z + 1. Let m be b(1). What is the highest common divisor of m and n?
1
Suppose 106 = -3*z + 6*z + x, -3*x = 3*z - 102. Suppose -22 = 41*v - 40*v. Let m = z + v. Calculate the highest common divisor of m and 28.
14
Let u be (4 + -24)/5*(-5)/4. Suppose 55 = u*c - 95. What is the highest common factor of c and 30?
30
Suppose n + 14 - 19 = 0. Suppose 5 = -6*b + b. Let m be (14 + n)*(b + 2). What is the greatest common factor of m and 133?
19
Let h be 804/42 + (-1)/7. Suppose 3*f - 339 = 288. Calculate the highest common factor of h and f.
19
Let p be -1*1 - -1 - -7. Let l = 77 - 76. Suppose 4*o = 2*x + 4, o + x = 6*x + l. Calculate the greatest common divisor of p and o.
1
Suppose 0 = -15*l - 334 + 1684. Calculate the highest common divisor of l and 1260.
90
Let h = 61 + -3. Let a = -35 + h. Suppose 0 = 2*o - 3*k - 42, o - a = k + k. What is the highest common factor of 135 and o?
15
Let h = -22 + 55. Let g(i) = 2*i + 15. Let m be g(6). Suppose 3*v - m = -4*d, 4*d + v = -0*v + 17. What is the highest common divisor of h and d?
3
Let v = 173 - 313. Let y = v + 428. What is the highest common divisor of y and 12?
12
Suppose -3*p - 184 = 308. Let z be 3/21 + p/(-28). What is the highest common divisor of z and 15?
3
Suppose v = -0*v + 127. Suppose 5*s - v = -7*l + 3*l, 65 = 2*l + 3*s. Suppose 0 = 4*u - 18 + 2. Calculate the greatest common divisor of l and u.
4
Let d(t) = t + 2. Let q be d(3). Let w = q - -90. Calculate the greatest common factor of w and 38.
19
Let p be (-39)/(-9) - (-4)/6. Suppose -3*y - 5*l = -65, -77 = -3*y + 2*l + 23. What is the greatest common factor of y and p?
5
Let p(y) = 2*y**3 + y + 3. Suppose -10 + 7 = -x. Let w be p(x). Calculate the greatest common factor of w and 45.
15
Let q be -3*((-6)/9 - -2). Let j be (143/q)/((-3)/12). Let m(t) = -t**3 - 4*t**2 + 2*t - 2. Let i be m(-5). What is the greatest common divisor of j and i?
13
Let q = -424 - -492. Calculate the highest common factor of q and 374.
34
Let i be 8 - (2/(-3))/(4/(-24)). What is the greatest common factor of 2 and i?
2
Let s(c) = 6*c + 17. Let p(m) = -2*m + 18. Let z be p(7). Let n be s(z). Calculate the highest common divisor of 451 and n.
41
Suppose -4*s - 6*m = -5*m - 1300, -m = s - 328. Calculate the highest common divisor of 567 and s.
81
Let z(q) = q**3 + 14*q**2 - 19*q + 88. Let b be z(-15). Calculate the highest common divisor of b and 814.
74
Let s = 365 - 149. Suppose -3*d + s = -0*d. Calculate the greatest common divisor of 9 and d.
9
Let j = 4 + -6. Let f = 9 - j. What is the greatest common factor of f and 88?
11
Let p(v) = 3*v - 31. Let g(k) = -21*k + 216. Let o(z) = 4*g(z) + 27*p(z). Let n be o(9). Let b be 3/(2 + 1 + n). What is the highest common factor of b and 2?
1
Let d = 155 - 94. What is the greatest common factor of 976 and d?
61
Suppose -14*m - 3*m + 153 = 0. What is the greatest common factor of 63 and m?
9
Let h = 56 + -129. Let b = h - -201. Calculate the highest common divisor of b and 16.
16
Suppose -9*l = -46*l + 1887. What is the highest common divisor of 289 and l?
17
Suppose -124*c = -141*c + 170. What is the highest common divisor of 35 and c?
5
Suppose -52 = -22*z + 212. Calculate the greatest common divisor of z and 348.
12
Let t = 173 - 128. Calculate the highest common factor of 60 and t.
15
Let a = 0 + -15. Let n(y) = -y**3 - 14*y**2 + 12*y - 15. Let i be n(a). Calculate the greatest common factor of i and 15.
15
Let o be (-2)/1*(15/2)/(-5). Let m(t) = t + 5. Let x be m(4). Calculate the greatest common divisor of o and x.
3
Let h(r) = -r**3 + 7*r**2 - 13*r + 12. Let p be h(4). What is the highest common divisor of p and 4?
4
Suppose -p = -5*p - 4*v + 20, 2*p + 4*v - 20 = 0. Let n be -2*(p - (-1 - -2)). What is the highest common factor of n and 4?
2
Let f be (-2)/17 + ((-13512)/(-102))/4. What is the highest common factor of 440 and f?
11
Suppose 0 = 3*j + 4*x + 20, -5*x - 2 = 8. Let a be 3 - (10/(-2) + j). What is the greatest common divisor of 4 and a?
4
Let u(g) = -49*g + 546. Let y be u(7). Calculate the highest common factor of 77 and y.
7
Suppose -11*d + 1317 = 63. Calculate the highest common factor of d and 722.
38
Suppose 0*l - 9*l = -9. Let c = -75 + 77. Calculate the highest common factor of l and c.
1
Let k be (-4)/10 + 17/5. Suppose 645 = -7*d + 876. What is the highest common factor of d and k?
3
Let m(n) = 12*n + 62. Let s be m(-5). Calculate the greatest common divisor of 98 and s.
2
Let x(m) = m**2 - 2*m - 7. Let o(f) = -f**3 + 4*f - 4. Let t be o(2). Let r be x(t). What is the greatest common factor of r and 153?
17
Let m = -1 - -13. Suppose -15*q = -16*q + 4. Suppose 2*y + 20 = 3*x, -q*x - y = -x - 17. What is the highest common divisor of x and m?
6
Suppose 22*r - 474 - 890 = 0. What is the greatest common factor of r and 682?
62
Let h(c) = 2*c**3 - 9*c**2 - 3*c + 3. Let q be h(5). Suppose -11 = -r + q. Let z be (16/(-40))/(1/(-30)). What is the highest common divisor of r and z?
12
Let i = 1349 - 995. What is the highest common divisor of 1 and i?
1
Let z(c) = c**3 + 3*c - 2. Let u be z(2). Suppose -3*w - 4*a + 5*a = -21, -20 = -w - 4*a. Calculate the highest common divisor of u and w.
4
Let j(n) = n**3 - 5*n**2 + n + 13. Let i be j(6). Let z = 23 + -1. Calculate the greatest common divisor of i and z.
11
Let r = -17 + 24. Let s = 34 - 69. Let x = s + 63. What is the highest common divisor of x and r?
7
Let a be 26 - (6/30 + 21/(-5)). What is the highest common divisor of 110 and a?
10
Suppose -806 = -4*o - 22*o. Calculate the greatest common factor of o and 186.
31
Let o(v) = -9*v**2 - 7. Let z be o(3). Let m = z + 94. Suppose l + 3*l = y + 189, 4*l = -2*y + 198. What is the highest common divisor of m and l?
6
Let f(d) = d**2 - 3*d - 26. Let q be f(7). What is the grea